11, what is 126 - 961?
-836
In base 4, what is -1 + -12031223?
-12031230
In base 11, what is 5 - -8981?
8986
In base 16, what is -5 + -4045?
-404a
In base 7, what is -11 + -30562?
-30603
In base 15, what is 65094 - 2?
65092
In base 12, what is -6325 + 25?
-6300
In base 4, what is -20 + -31130111?
-31130131
In base 8, what is -700324 - -4?
-700320
In base 2, what is 1110001001 - -1010110?
1111011111
In base 6, what is -130043 - -100?
-125543
In base 14, what is -3 - d2b84?
-d2b87
In base 16, what is -1538a - 2?
-1538c
In base 9, what is -52363 + 25?
-52337
In base 13, what is 3 - 5424?
-5421
In base 8, what is -2 - -547430?
547426
In base 13, what is 692a1 + 3?
692a4
In base 3, what is 2212 + -110222?
-101010
In base 3, what is 0 - -112200210?
112200210
In base 3, what is 1121 - 2002220?
-2001022
In base 7, what is 53 + 110?
163
In base 3, what is 1120120 - -121020?
2011210
In base 7, what is 5 + -10656410?
-10656402
In base 9, what is 7815 + -2?
7813
In base 6, what is -332021 - -3?
-332014
In base 6, what is 51 + -120254?
-120203
In base 13, what is 18cc8 - -58?
19053
In base 12, what is -8 + -769?
-775
In base 14, what is 2c + -30?
-2
In base 6, what is -334 + -35041?
-35415
In base 15, what is -685b + c6?
-6785
In base 7, what is -2134 - -14?
-2120
In base 11, what is 3 - -87322?
87325
In base 14, what is -4 - 48872?
-48876
In base 5, what is 42430 - 42?
42333
In base 4, what is -333021301 - 1?
-333021302
In base 4, what is -11231221 + -2?
-11231223
In base 9, what is 2634 + 1470?
4214
In base 15, what is 3c222 - -7?
3c229
In base 9, what is -68 - 1157?
-1236
In base 9, what is 107880 - -3?
107883
In base 13, what is 13b1 + -3b?
1373
In base 13, what is -59239 + 1?
-59238
In base 2, what is -110010000000 - -11001110110?
-11000001010
In base 9, what is -5148032 + -1?
-5148033
In base 7, what is -2330 + -2035?
-4365
In base 15, what is 4 + -3ac?
-3a8
In base 6, what is -154 + -551145?
-551343
In base 4, what is 310301110 + -3?
310301101
In base 11, what is -2a326 - -6?
-2a320
In base 3, what is -110202 + 111002222?
110122020
In base 8, what is -107 - 14200?
-14307
In base 12, what is 4b34 + -8?
4b28
In base 15, what is -3e + -1176a?
-117a9
In base 2, what is -11 + 101110001110010?
101110001101111
In base 4, what is -1 - -103101322?
103101321
In base 14, what is 40c9 + -8?
40c1
In base 14, what is -24da7 - 3?
-24daa
In base 4, what is -11313303 - -3?
-11313300
In base 14, what is 5 + -16b71?
-16b6a
In base 7, what is -4 - 1054233?
-1054240
In base 9, what is -447 + 15?
-432
In base 3, what is -101 + -212002201201?
-212002202002
In base 14, what is 57 + 2ba3?
2c1a
In base 11, what is -46126 - 1?
-46127
In base 15, what is a11 + -25?
9db
In base 15, what is 0 + -94b?
-94b
In base 12, what is -3903b - -4?
-39037
In base 8, what is -4 + 712217?
712213
In base 2, what is -11111001011111 - 100?
-11111001100011
In base 7, what is -406 + -103?
-512
In base 10, what is 10 - 2556?
-2546
In base 6, what is -5 - -23243231?
23243222
In base 10, what is -735 + 6165?
5430
In base 5, what is 21003 + 11001?
32004
In base 13, what is -a55 + 1b?
-a37
In base 14, what is -a + 4db?
4d1
In base 13, what is 23a + 3560?
379a
In base 11, what is -57725 + -4?
-57729
In base 15, what is -1a + 4877?
485c
In base 13, what is 5 - -6359?
6361
In base 4, what is 1 + 32221?
32222
In base 8, what is 2 + 10173?
10175
In base 16, what is 6 - -26d97?
26d9d
In base 11, what is 26618 + 4?
26621
In base 8, what is 133 - -122?
255
In base 7, what is -21445 - -140?
-21305
In base 10, what is 16921 - -137?
17058
In base 2, what is 1101 - -1110010010110?
1110010100011
In base 14, what is -5 - b714?
-b719
In base 14, what is dc4 - 64?
d60
In base 11, what is 11 + 20752?
20763
In base 11, what is 30 - 4449?
-4419
In base 15, what is -c09 - 45b?
-1165
In base 11, what is -2 + -17a581?
-17a583
In base 5, what is -22244241 - -102?
-22244134
In base 6, what is -10120435 + 3?
-10120432
In base 9, what is -57 - 28330?
-28387
In base 7, what is 4021 - 1203?
2515
In base 8, what is -2 - -4355330?
4355326
In base 9, what is 304 - 411?
-106
In base 6, what is 2022051 + -100?
2021551
In base 10, what is -6461 + -20?
-6481
In base 11, what is 2667 - -48?
2704
In base 10, what is 18078 - 16?
18062
In base 4, what is -2113312 + 0?
-2113312
In base 14, what is b6 + -251?
-179
In base 4, what is 2222322 + -131?
2222131
In base 8, what is 5 + 55565?
55572
In base 14, what is 15dd - -3?
1602
In base 15, what is 515 + -190?
375
In base 2, what is -11001 + -111110110001?
-111111001010
In base 13, what is -6169 - 1?
-616a
In base 16, what is c47 + -2b?
c1c
In base 2, what is -10001111101 - -1010010?
-10000101011
In base 9, what is 1 + -3760?
-3758
In base 15, what is -8 - 2cb9?
-2cc2
In base 10, what is 294 - 14114?
-13820
In base 9, what is 12 + 107387?
107410
In base 12, what is -74542 - 3?
-74545
In base 3, what is -101222 - -22?
-101200
In base 12, what is 5508 - 4?
5504
In base 15, what is -8a7b - 4?
-8a80
In base 16, what is 232f3 + -2?
232f1
In base 5, what is 1212 - -1244140?
1300402
In base 4, what is -23 + -223?
-312
In base 6, what is 5 + -23531?
-23522
In base 15, what is -2 + 1cbb2?
1cbb0
In base 8, what is 4437 + -7?
4430
In base 3, what is -10221 - -102022?
21101
In base 12, what is -44 + -7b0b?
-7b53
In base 7, what is -12532 - 52?
-12614
In base 9, what is 84 + 436?
531
In base 13, what is -20415 + 4?
-20411
In base 5, what is 4 + -12140141?
-12140132
In base 7, what is -540 - -202?
-335
In base 12, what is 38 - 894a?
-8912
In base 12, what is 1034109 + -3?
1034106
In base 5, what is -4424 + -3?
-4432
In base 6, what is 4 + 125021?
125025
In base 11, what is 172 + 54?
216
In base 3, what is 20122001202 - 102?
20122001100
In base 15, what is -75 + -1ca?
-250
In base 10, what is 4 + 59181?
59185
In base 10, what is 9 + 2592?
2601
In base 16, what is -6 + -5ff6?
-5ffc
In base 3, what is 12 - 122112120?
-122112101
In base 4, what is -1312123132 + 0?
-1312123132
In base 3, what is 1 - 1110110112210?
-1110110112202
In base 3, what is -11 + -1120022011110?
-1120022011121
In base 4, what is -11 + -23313331?
-23320002
In base 7, what is 56516 - -1?
56520
In base 16, what is -1c - 29?
-45
In base 6, what is 5 + -2325105?
-2325100
In base 8, what is 444 + 52?
516
In base 8, what is -5022677 + -4?
-5022703
In base 13, what is -52 + -281?
-303
In base 16, what is -5 + df818?
df813
In base 13, what is 237 + -63?
1a4
In base 7, what is 3234 - 1122?
2112
In base 6, what is -13423 - 1425?
-15252
In base 11, what is -2003 + -8?
-2010
In base 8, what is 235 - 3043?
-2606
In base 14, what is 172 + 439?
5ab
In base 4, what is 1 + -23023132?
-23023131
In base 14, what is 86 + -141?
-99
In base 5, what is -1432041 + -2?
-1432043
In base 7, what is -206336 + 505?
-205531
In base 8, what is 0 + -107675?
-107675
In base 11, what is -3a6 - 215?
-610
In base 4, what is -121133312 + -10?
-121133322
In base 15, what is -2a07 - 44?
-2a4b
In base 10, what is 7 - 142873?
-142866
In base 11, what is -200a1 + -2?
-200a3
In base 10, what is -28 - 433?
-461
In base 9, what is -5163 - 314?
-5477
In base 8, what is 3 + 11675?
11700
In base 7, what is 4 - 1310542?
-1310535
In base 14, what is 9b - -10c?
1a9
In base 7, what is 21662 + -20?
21642
In base 4, what is -303023 + 13?
-303010
In base 11, what is 4a041 - 0?
4a041
In base 16, what is 1e + af?
cd
In base 14, what is -b0 + -6d5a?
-702a
In base 8, what is 1522 - -72?
1614
In base 3, what is -112101222 - 2?
-112102001
In base 8, what is -3 + 213462?
213457
In base 11, what is 35 - 123?
-99
In base 10, what is -64 - -15203?
15139
In base 3, what is 100 + -110210022112?
-110210022012
In base 5, what is 10 - -2024104?
2024114
In base 15, what is 8a + -4156?
-40bb
In base 5, what is -100 - 21311030?
-21311130
In base 14, what is -13c73 + -6?
-13c79
In base 4, what is 131 - 3033?
-2302
In base 6, what is -25525 + 100?
-25425
In base 2, what is -101000001100010 - 110111?
-101000010011001
In base 2, what is 11001001000 + 1000100?
11010001100
In base 16, what is 3 - -b0c9?
b0cc
In base 15, what is -9cbb + -7?
-9cc3
In base 13, what is -13988 - -1?
-13987
In base 4, what is -10 - 10012032?
-10012102
In base 12, what is -3 + 481?
47a
In base 10, what is 170 + 3317?
3487
In base 6, wh